derivative of -q**6/120 + q**5/12 + 3*q**4/8 - 7*q**3/3 - 295*q**2. Give z(6).
4
Let a(s) = 7 + 5*s + 2*s**2 + s - s**2 + s. Let b be a(-6). Let v(k) = 7*k - 2*k + b - 4*k. Give v(6).
7
Let k(f) = -f + 3. Suppose 0*w - 2*w = 0. Suppose -5*i - 11 - 19 = w. Let h(p) = p**2 + 5*p - 2. Let y be h(i). What is k(y)?
-1
Let y(f) be the first derivative of f**5/60 - 5*f**4/24 - 3*f**3 - 10. Let s(i) be the third derivative of y(i). Determine s(-4).
-13
Let z(j) = -2*j - 7. Suppose 3*r + 2*c - 21 = 0, -5*r + 18 = -4*c + 5. Calculate z(r).
-17
Let w(a) = 4*a + 6. Let c(u) = u - 2. Let y(m) = -2*c(m) - w(m). Determine y(2).
-14
Let s(z) = -z**2 + 693*z**3 - 1389*z**3 + 1 + 689*z**3. Give s(1).
-7
Let s(g) = -43*g**2 - g. Suppose -17*u - 189 = -206. What is s(u)?
-44
Suppose -k + 2*u = -6, 2*k - 12 = 32*u - 36*u. Let s(j) = -j + 11. Give s(k).
5
Let g(r) be the first derivative of -r**4/4 + r**3/2 - r**2 + 17*r + 13. Let d(x) be the first derivative of g(x). Determine d(2).
-8
Suppose 3*x - 3*b = 42, -4*x + 12 = -5*b - 49. Suppose 2 = z - 3*w, -4*z + x*w - 4*w = -1. Let i(h) = -11*h + 1. Determine i(z).
12
Let y(w) = w**3 + w**2 - 3*w. Suppose 4*j = 2*x - 28, -2*j - 6*x = -x + 26. Let i = j - -12. Suppose 11 - 23 = i*r. What is y(r)?
-9
Suppose -43*v + 6*v - 74 = 0. Let l(p) = -1 + 2 + 2*p + 2*p**3 + 1. What is l(v)?
-18
Let c(m) = 4*m - 3. Let t be (-12)/(-66) - 8*(-10)/44. Give c(t).
5
Let i(d) = 0*d**2 - 2*d**2 + 0 + 7*d - 4 - d**3 - 2. Let g be i(-4). Let l(u) = -2*u**3 + u**2 - u - 2. Calculate l(g).
20
Let q(u) = 7*u**2 - u + 8. Let h(c) = 4*c**2 - c + 4. Let w(v) = -5*h(v) + 3*q(v). Determine w(-6).
28
Let k(f) be the third derivative of f**4/12 + 13*f**3/6 + f**2 + 103*f. What is k(-11)?
-9
Suppose 5*d - 10 = -0*d. Let t be 2/d - (5 + 2). Let g(x) be the third derivative of x**4/24 + x**3/2 - 2*x**2. Give g(t).
-3
Let w(o) = o + 4. Let p(b) be the first derivative of -b**3/3 + 5*b**2/2 + 3*b - 21. Let s be p(5). Determine w(s).
7
Let f(a) = a**2 + 2*a + 1. Let o(y) = -2*y**2 - 3*y. Let n = 90 + -87. Let x(m) = n*f(m) + 2*o(m). What is x(-3)?
-6
Let j(c) = -c**2 + 5*c + 9. Let u(l) = -l**3 - 28*l**2 - 8*l - 217. Let d be u(-28). Determine j(d).
-5
Let w be 2/4 - (-2)/4. Let k(i) be the third derivative of 0 - 1/6*i**3 + i**2 + 0*i + 1/6*i**4. Give k(w).
3
Let r(i) be the third derivative of i**7/5040 - i**6/120 + i**5/2 + 4*i**2. Let x(j) be the third derivative of r(j). Give x(8).
2
Let w(d) be the third derivative of 2*d**5/15 + d**3/6 + 307*d**2. Calculate w(-1).
9
Let z(x) = -3*x - 4. Let w be z(8). Let b = -16 - w. Suppose b = 3*i, 0 = -4*p + 5*i - 16 - 4. Let c(v) = -v**2 + 1. Determine c(p).
1
Let c = -416 - -401. Let b(v) = -2*v - 26. Determine b(c).
4
Let y(h) = -3*h**3 - 6*h**2 - h + 7. Let u be y(1). Let a(k) = 6*k - 19. Let s(t) = -t + 4. Let w(j) = 2*a(j) + 11*s(j). Give w(u).
3
Let y(c) be the second derivative of c**6/360 - c**5/120 - c**4/12 - 11*c**3/3 + 13*c. Let g(j) be the second derivative of y(j). Give g(-2).
4
Let s(c) = -c**2 + 6*c + 14. Suppose 0 = -4*l + 7*l - 24. Calculate s(l).
-2
Let y(w) be the first derivative of -w**3/3 - w**2/2 - w + 69. What is y(-4)?
-13
Suppose -4*k - 17 = -j, -2*k = -0*j + 4*j + 4. Let i(r) be the first derivative of 2*r**2 + r + 50. Give i(j).
5
Let u(v) be the first derivative of 13*v**4/4 + 2*v**3/3 - v**2 + v + 5. Suppose -1 = 7*d - 15. Suppose d*o - 76 = -74. Give u(o).
14
Let y(w) = 7*w + 89. Suppose 3*j + 3*b = -36, -4*j - b - 8 = 46. Determine y(j).
-9
Let z(o) be the third derivative of o**9/60480 + o**8/2520 + o**6/120 - o**5/5 + 2*o**2. Let i(v) be the third derivative of z(v). Calculate i(-8).
6
Let r(g) be the first derivative of 12*g**2 - 7*g + 17. Let f(w) = -11*w + 3. Let a(c) = -13*f(c) - 6*r(c). What is a(4)?
-1
Let r be 24 + (-3)/5 + 32/20. Let z(p) = r*p**2 - 1 - 12*p**2 + 13*p - 11*p. Give z(1).
14
Let r(t) be the third derivative of t**5/60 - t**4/24 - t**3 + 2*t**2. Suppose -4*l + 4*m - 20 = 0, -l + 2*l - 2*m = -10. Calculate r(l).
-6
Suppose -d + 4 = 3*i, -5*d + 4*i - 3 = 72. Let m(q) = q + 14. Determine m(d).
3
Let v be (-59)/(-7) + 3/(-7). Let p(h) = h**2 - 9*h - 6. Calculate p(v).
-14
Let p(s) be the first derivative of s**4/24 - 11*s**2/2 + 1. Let v(g) be the second derivative of p(g). What is v(3)?
3
Let b be (-4)/10 - (-34)/10. Suppose 3*g - 9 = b. Let y(t) = -5*t + 8*t - 3*t**3 - 4 + 3*t**2 - t**3 + 3*t**3. Determine y(g).
-8
Let r(d) = d**2 + 13*d - 1. Let x be r(-14). Suppose 5*j = x + 2. Suppose -17 = 4*v - 4*s - 5, j*s = -5*v + 17. Let t(k) = k**3 - 2*k + 1. Determine t(v).
0
Suppose 34 - 37 = -3*w. Let o(x) = 3 + 2*x + w + 2*x - 3*x. What is o(-7)?
-3
Let a(x) be the third derivative of 0 - 3/20*x**5 + 1/120*x**6 - 5/12*x**4 + 30*x**2 + 5/6*x**3 + 0*x. What is a(10)?
5
Let w = 652 - 657. Let f(r) be the third derivative of 2*r**2 - 1/10*r**5 - 7/6*r**3 + 0 + 0*r - 1/3*r**4 - 1/120*r**6. Determine f(w).
8
Let b(y) = 11*y - 4. Let t(a) = 11*a - 3. Let x(z) = -4*b(z) + 5*t(z). Let q be (-2 - 10) + 18 - (5 - 1). Give x(q).
23
Let u be -13 - (-23)/((-230)/(-150)). Let v(l) = l**2 + l**2 - 5*l**2 - l + 2. Calculate v(u).
-12
Let j(f) = f**3 + 9*f**2 + 4. Let b = -5 - -7. Suppose -6 = 3*u, b*v + 28 - 2 = -4*u. Give j(v).
4
Suppose 5*q = 3*t - 29, -2*t + 0*t + 2*q + 14 = 0. Let f be -3 + t + -1 + 3. Let k(s) = -24*s**2 - 5 + 25*s**f - 1 + 5*s. Determine k(-5).
-6
Let w(l) = 1. Suppose 5*u + 4 + 1 = 0. Let c(s) = -9*s. Let h(b) = 20*b. Let n(x) = -13*c(x) - 6*h(x). Let p(z) = u*n(z) - 2*w(z). Give p(3).
7
Let h be (-4)/3*3/(-2). Let n(j) = 14 + 3*j + j**h - 6 - 9. What is n(-2)?
-3
Let f(n) be the second derivative of 5*n**3/6 + 3*n**2/2 + 8*n. Let j(h) = -5*h - 3. Let w(r) = 3*f(r) + 4*j(r). Give w(-3).
12
Suppose -39 = -3*a - 36. Suppose -s - a = 0, j + 0*j - 2*s = -5. Let x(p) = -3*p - 10. Give x(j).
11
Let m(b) = -3*b**3 - 4*b + 15. Let x(a) = 4*a**3 + a**2 + 4*a - 19. Let l(j) = -5*m(j) - 4*x(j). Give l(-5).
6
Let s(l) = l**3 - 3*l + 1. Let z be s(2). Suppose 3*w + 15 = -2*h, w + 6 = -2*h - z. Let o be ((-15)/(-5) - -3) + h. Let n(y) = y**3 - 2*y**2 + 1. What is n(o)?
10
Let n be 7 - (-3 + 4 - 2). Suppose -i = -n - 5. Let a(q) = -5*q - q + 2*q + i - q**3 - 11 + 3*q**2. Give a(2).
-2
Suppose 24 = -6*r + 2*r. Let z(k) be the first derivative of -k**4/4 - 7*k**3/3 - 5*k**2/2 - 3*k + 432. Give z(r).
-9
Let x(l) be the second derivative of l**3/6 - 11*l**2/2 + l. Let f = 219 + -211. What is x(f)?
-3
Suppose 5*g = 33 + 12. Suppose -5*i = d - 3 - g, -4*d + i = 15. Let b(o) = -5*o + 2. What is b(d)?
17
Let h(p) be the first derivative of -p**2/2 - p + 3987. Let x = -16 + 7. Determine h(x).
8
Let l(j) be the third derivative of -j**5/60 - j**4/8 - 7*j**3/6 + 385*j**2. Determine l(-7).
-35
Let v(s) = -s**3 - s**2 + 1. Let q be v(1). Let r(h) = -h**2 + 1. Let m(p) = 5*p**2 - 170 + 166 - 2*p**2. Let n(a) = -m(a) - 5*r(a). Give n(q).
1
Let k(r) = -r**3 - 6*r**2 - 5*r - 4. Let z be -2 + 13/(-4) + 12/48. Determine k(z).
-4
Let r = 19 + -21. Let t(c) be the first derivative of 3 + c + 0*c**2 + 2/3*c**3. What is t(r)?
9
Let u(v) = -4*v - 18. Let d be u(-4). Let h be (20/(-30))/(d/27). Let w(s) = -s**3 + 10*s**2 - 10*s + 3. Give w(h).
-6
Let g(a) = 8*a + 14. Let s(r) = 11*r + 21. Let o(d) = -7*g(d) + 5*s(d). What is o(11)?
-4
Let k(c) = c**3 - 5*c**2 + 2. Let u be k(5). Let a(b) = u*b**2 + 5 - 1 - b**2. Suppose 0 = -8*r + 93 - 93. What is a(r)?
4
Suppose -3*s = 18 + 117. Let y = 40 + s. Let n(v) = 5 - 1 - 1 + v. Give n(y).
-2
Let x(l) = l**2 - 12*l - 11. Let c(a) = a**2 - a + 2. Let k(n) = -2*c(n) + x(n). Give k(-2).
1
Suppose -4*c = -4*r + 16, 3*r = -r - 4. Let a(i) = -4*i + 2. Let f(z) = 7*z - 4. Let d(g) = c*a(g) - 3*f(g). Give d(-4).
6
Let p(a) = a**3 - 77*a**2 - 4*a + 306. Let h be p(77). Let d(f) = -2*f + 4*f - 3*f**2 - 1 + 4. What is d(h)?
-13
Let x be 165/(-9) - (-2)/6. Let m be ((-10)/(-3))/(x/27). Let z(s) = 6*s**2 + 0*s + s**3 + 3 + 7*s + s - 5*s. Determine z(m).
13
Let f = 231 - 236. Let b(w) = w**3 + 5*w**2 + 7*w - 2. Give b(f).
-37
Let a(o) = -4*o**3 - 4*o**2 - 11*o + 4. Let s(c) = 3*c**3 + 3*c**2 + 10*c - 3. Let l(h) = -5*a(h) - 6*s(h). Calculate l(-3).
-23
Let t(x) be the third derivative of -x**7/840 - x**6/45 - 7*x**5/120 + x**4/6 + 3*x**3 + 25*x**2 + 2. Let 